9/2?
21
Let x be 15/10*10/3. Suppose -4*f = -3*c - 2*c - 252, x*c - 360 = -5*f. Calculate the remainder when f is divided by 14.
12
Suppose 2*d - 140 = 5*v, 4*v + d + d = -94. Let t = -18 - v. Calculate the remainder when 22 is divided by t.
6
Suppose 0 = 3*f - 12 - 9. Calculate the remainder when f is divided by 2.
1
Suppose 5*q - 73 - 12 = 0. Let x = 38 + -6. What is the remainder when x is divided by q?
15
Let v = 420 - 270. Suppose 4*m - 4*o = 148, -3*m + 3*o = m - v. What is the remainder when m is divided by 10?
9
Suppose 5*w - 79 = s, w = 2*w + 5*s - 21. Calculate the remainder when 45 is divided by w.
13
Suppose -4*q = q - 260. Calculate the remainder when q is divided by 9.
7
Suppose 64 = 2*f + 4*k, -4*f - 2*k + 128 = -4*k. Calculate the remainder when 126 is divided by f.
30
Suppose -22 = -4*y - 6. Suppose 3*t - 17 = y. What is the remainder when t is divided by 3?
1
Let a(j) be the first derivative of -j**2/2 - 4*j - 5. What is the remainder when 9 is divided by a(-9)?
4
Suppose 0 = 5*q - 8 - 2. Suppose -b + 6 - 2 = q*u, 10 = 5*u - 2*b. Calculate the remainder when 3 is divided by u.
1
Suppose 115 - 41 = 2*t - 2*j, -t - 4*j + 22 = 0. What is the remainder when t is divided by 9?
7
Let o(k) = 14*k**2 + 5*k - 7. What is the remainder when o(2) is divided by 15?
14
Suppose 0 = 2*q - 4 - 0. Suppose -3*m = 2*a - 23, -q*m + 13 = -m - 2*a. Calculate the remainder when 24 is divided by m.
6
Let b(i) = -2*i + 13. Let w be 0*(-3 - 10/(-4)). Calculate the remainder when 49 is divided by b(w).
10
Let b(u) = u**2 - u + 1. Let c = -116 + 68. Calculate the remainder when (-2 - -4 - c)*1 is divided by b(-3).
11
Let w = 0 - -2. Let s(o) = 0*o + w*o + 4 + 0*o**2 - 5 + 17*o**2. What is the remainder when 52 is divided by s(1)?
16
Let n = 0 - 0. Let j = 20 + 30. Suppose -4*l = 3*y - n*y - j, 0 = -2*y + 2*l + 10. Calculate the remainder when 19 is divided by y.
9
Suppose 0 = 5*b - 14 - 11. Suppose -b*f - 3*j + 103 = -7*j, 2*f = 4*j + 34. What is the remainder when 1474/(-33)*3/(-2) is divided by f?
21
Let w = 14 - 14. What is the remainder when 152 - (-2 - (-3 + w)) is divided by 38?
37
Let x(o) = -4*o - 1. Let s be x(-2). Let k = 3 + s. Calculate the remainder when 37 is divided by k.
7
What is the remainder when 58 is divided by (-6)/108*-9 + 39/2?
18
Let n be 129*(-3)/(1*-9). Suppose -3*d - n + 133 = 0. What is the remainder when d is divided by 8?
6
Let q(g) = 2*g + 23. What is the remainder when q(10) is divided by 15?
13
Suppose 3*o + o = 172. Let x(g) = 6*g - 3. Calculate the remainder when o is divided by x(3).
13
Let x(g) = 9*g - 46. Suppose -m + 51 = -0*m. Calculate the remainder when m is divided by x(8).
25
Calculate the remainder when ((-38)/5)/(-1 + 12/15) is divided by 15.
8
Let m = 7 + 16. Calculate the remainder when m is divided by 6.
5
Suppose 4*g - 4*t = 100, -4*g = -4*t + 3*t - 88. Calculate the remainder when 81 is divided by g.
18
Let i = -3 - -11. Let x = -15 - -38. Calculate the remainder when x is divided by i.
7
Suppose -2 = 2*l - 4. Suppose 0 = 4*i + 20, -4*v - 3*i + 0 + l = 0. Let f = 41 + v. What is the remainder when f is divided by 12?
9
Let d = -30 + 93. What is the remainder when d is divided by 17?
12
Suppose -637 = -19*s + 12*s. What is the remainder when s is divided by 24?
19
Let f = 14 - 27. Let z = 17 + f. What is the remainder when z is divided by 2?
0
Suppose 4*p - 3*p = -5*v - 250, 4*v - 4*p = -200. Suppose -10 = -2*b, 100 = -4*u + b - 49. Let h = u - v. What is the remainder when h is divided by 5?
4
Let b be (1 - 3)/((-2)/19). Suppose 3*m - b = 5. Let i = -2 + m. Calculate the remainder when i is divided by 3.
0
Let w(m) = -m**2 - 6*m + 13. Let u be w(-9). Let a = 22 + u. Calculate the remainder when 15 is divided by a.
7
Let o = -23 + 32. Let t(l) = -l**3 - 3*l**2 + 15*l + 8. Calculate the remainder when t(-6) is divided by o.
8
Let r be -1 - (1 + -1 + 2). Let g = r + 24. Calculate the remainder when 40 is divided by g.
19
Let a = -41 + 57. Suppose -5*j - 9 = 11. Let v(o) = 2*o**2 + 6*o + 1. What is the remainder when a is divided by v(j)?
7
Suppose 0 = -2*y - 3*d + 25, -4*d + d + 42 = 3*y. Let o = -11 + y. Calculate the remainder when 23 is divided by o.
5
Let o = 34 - 14. Calculate the remainder when o is divided by 11.
9
Suppose 2*v - 2*q = -8, 4*q = -3*v + 5*q - 4. Suppose 4*g - 12 = -2*d, d - 3 + v = g. Calculate the remainder when (-4)/(-14) + 150/14 is divided by d.
3
Suppose -3*z + 4 = k, 3*k + 7 + 7 = 4*z. Suppose 2*b + z*a = 7*b - 322, 4*a = -4. What is the remainder when b is divided by 22?
20
Let c(j) = j**2 + 8*j - 5. Calculate the remainder when c(-10) is divided by 4.
3
Let u(i) = i**3 + 17*i**2 + 16*i + 16. What is the remainder when 40 is divided by u(-16)?
8
Suppose -3*z + 111 = -0*z. What is the remainder when z is divided by 13?
11
Let z = -9 - -19. Let q be (-1)/((-2)/(-6)*-1). Suppose 2*u = 0, 2*a = -3*a + q*u + 85. Calculate the remainder when a is divided by z.
7
Let v(s) = 23*s**2 + 2*s - 3. What is the remainder when v(1) is divided by 3?
1
Suppose u - 6*u + 285 = 0. What is the remainder when u is divided by 15?
12
Let a = 16 + 20. Let y = 55 - a. Suppose m - y = 1. What is the remainder when m is divided by 7?
6
Let t(a) = 70*a**2 + a. Let d = 33 - 21. What is the remainder when t(-1) is divided by d?
9
Let l(z) = 2*z + 3. Suppose -4*n - 8 = -0. Let b be l(n). What is the remainder when -3*(78/(-9) + b) is divided by 10?
9
Let f = 1 - 1. Suppose 3*v - 5*v + 2 = f. What is the remainder when 3/3 - (0 + -1) is divided by v?
0
Let j = -69 - -116. What is the remainder when j is divided by 25?
22
Suppose -m + 7 = -18. Calculate the remainder when m is divided by 9.
7
Suppose 22 = -10*a + 12*a. What is the remainder when 30 is divided by a?
8
Suppose m + 4*m - 40 = 0. Suppose 5*z - 44 - 28 = -3*t, 3*z - 20 = -t. What is the remainder when t is divided by m?
5
Let f(a) = a + 15. What is the remainder when f(7) is divided by 8?
6
Suppose -l = -0 + 2. Calculate the remainder when 49 is divided by 41/3 - l/(-3).
10
Let y(f) = -f**3 - 6*f**2 + 2*f + 6. Let n be y(-6). Let c(p) = -p**3 - 7*p**2 - 8*p - 1. Calculate the remainder when 20 is divided by c(n).
9
Suppose 3*s + 1 = -2. Calculate the remainder when 75/2 - s/2 is divided by -3*1/(-3) - -12.
12
Suppose 0 = 4*w - 5*o - 88, -16*w - 5*o = -12*w - 88. What is the remainder when 62 is divided by w?
18
Suppose 2*m + 2*y - 6 = 8, 25 = 5*y. Suppose -5*z + 67 = 2*o - 6, -2 = m*o. Calculate the remainder when 29 is divided by z.
14
Suppose 0 = -13*q + 12*q + 17. What is the remainder when 49 is divided by q?
15
Suppose -2*p + 5*t - 55 = 0, t = -4*p + p - 57. Calculate the remainder when 36 is divided by (-3)/5 - 272/p.
10
Let c = 26 + 0. Calculate the remainder when 181 is divided by c.
25
Suppose -17 = -5*h + 3*i, 0 = 2*h - 0*h + 5*i - 13. Suppose 1 = m, -4*m + 87 + 29 = -4*w. Let y = w - -41. What is the remainder when y is divided by h?
1
Let z = 8 + 15. Calculate the remainder when 67 is divided by z.
21
Suppose n - 4*p + 2 = 0, -n + 5*p - 1 = 2. Suppose -2*r + 5*a = -n - 6, 0 = 5*r + 5*a - 20. Let k = r - -10. What is the remainder when k is divided by 8?
6
Let p = 65 - 39. What is the remainder when p is divided by 14?
12
Let k be 2 + (-3)/6*0. Suppose -3*a = -5*c + 2*a + 55, -29 = -3*c + k*a. Calculate the remainder when c is divided by 2.
1
Suppose -45*g = -31*g - 294. Calculate the remainder when 61 is divided by g.
19
Suppose 4*j - 2*j = 0. Calculate the remainder when 10 is divided by (j + 2)*(-6)/(-4).
1
Suppose 2*w + 2*s - 46 = 0, -w + 2*s = -0*s - 38. Let z be (-4)/(-12) + w/6. Suppose -o = -z*o + 20. What is the remainder when 9 is divided by o?
4
Let t = 10 - 9. Let v = t + 28. What is the remainder when v is divided by 15?
14
Suppose 3*s + 0*s = -2*b + 7, 4*s = -2*b + 10. Suppose 3*a + 5*i - 2 = 2, -s*a - 4*i + 5 = 0. Calculate the remainder when 8 is divided by a.
2
Suppose 696 = 19*j - 64. Calculate the remainder when j is divided by 22.
18
Let k = 2 - -3. What is the remainder when 16 is divided by k?
1
Let r = 45 + 86. Suppose -25 = 2*j - 3*i - 80, -5*j = -i - r. Calculate the remainder when 76 is divided by j.
24
Let y = 5 - -44. Calculate the remainder when y is divided by 17.
15
Let r be ((-4)/(-2) - 2)/(-2). Suppo